{"id":13977,"date":"2024-10-01T13:43:13","date_gmt":"2024-10-01T13:43:13","guid":{"rendered":"https:\/\/amane.pl\/?post_type=product&#038;p=13977"},"modified":"2025-11-12T00:03:53","modified_gmt":"2025-11-12T00:03:53","slug":"gravestone-iii","status":"publish","type":"product","link":"https:\/\/amane.pl\/?product=gravestone-iii","title":{"rendered":"Gravestone III"},"content":{"rendered":"<p><img loading=\"lazy\" decoding=\"async\" class=\"alignnone size-medium wp-image-14134\" src=\"https:\/\/amane.pl\/wp-content\/uploads\/2024\/10\/rekodzielo-1-e1727865941205-300x132.png\" alt=\"\" width=\"300\" height=\"132\" srcset=\"https:\/\/amane.pl\/wp-content\/uploads\/2024\/10\/rekodzielo-1-e1727865941205-300x132.png 300w, https:\/\/amane.pl\/wp-content\/uploads\/2024\/10\/rekodzielo-1-e1727865941205-420x185.png 420w, https:\/\/amane.pl\/wp-content\/uploads\/2024\/10\/rekodzielo-1-e1727865941205-380x167.png 380w, https:\/\/amane.pl\/wp-content\/uploads\/2024\/10\/rekodzielo-1-e1727865941205.png 500w\" sizes=\"auto, (max-width: 300px) 100vw, 300px\" \/><\/p>\n<p><strong>INCI<\/strong>: <span class=\"OYPEnA font-feature-liga-off font-feature-clig-off font-feature-calt-off text-decoration-none text-strikethrough-none\">Aqua, Glycerin, Sodium Stearate, Propylene Glycol, Sorbitol, Sodium Laurate, Sodium Laureth Sulfate, Sodium Chloride, Sodium Lauryl Sulfate, Citric Acid, Sodium Citrate, Tetrasodium Iminodisuccinate, Tetrasodium Etidronate, Aroma, E151, Benzyl Salicylate, Citronellol, Linalool, Hydroxycitronellal<\/span><\/p>\n","protected":false},"excerpt":{"rendered":"<p><strong>Myd\u0142o <em>Gravestone III<\/em><\/strong><\/p>\n<p><img loading=\"lazy\" decoding=\"async\" class=\"alignnone wp-image-13972\" src=\"https:\/\/amane.pl\/wp-content\/uploads\/2024\/10\/Projekt-bez-nazwy-4-300x300.png\" alt=\"\" width=\"101\" height=\"101\" srcset=\"https:\/\/amane.pl\/wp-content\/uploads\/2024\/10\/Projekt-bez-nazwy-4-300x300.png 300w, https:\/\/amane.pl\/wp-content\/uploads\/2024\/10\/Projekt-bez-nazwy-4-420x420.png 420w, https:\/\/amane.pl\/wp-content\/uploads\/2024\/10\/Projekt-bez-nazwy-4-100x100.png 100w, https:\/\/amane.pl\/wp-content\/uploads\/2024\/10\/Projekt-bez-nazwy-4-150x150.png 150w, https:\/\/amane.pl\/wp-content\/uploads\/2024\/10\/Projekt-bez-nazwy-4-380x380.png 380w, https:\/\/amane.pl\/wp-content\/uploads\/2024\/10\/Projekt-bez-nazwy-4.png 500w\" sizes=\"auto, (max-width: 101px) 100vw, 101px\" \/><\/p>\n<ul>\n<li>r\u0119cznie robione myd\u0142o glicerynowe 100%<\/li>\n<li>nawil\u017ca sk\u00f3r\u0119, pozostawia j\u0105 mi\u0119kk\u0105, bez osadu i uczucia \u015bci\u0105gni\u0119cia<\/li>\n<li>nietuzinkowa forma myd\u0142a<\/li>\n<\/ul>\n<p><strong>Zapach\u00a0<em>Wine &amp; Blood\u00a0\u00a0<\/em><\/strong><\/p>\n<p><span class=\"OYPEnA font-feature-liga-off font-feature-clig-off font-feature-calt-off text-decoration-none text-strikethrough-none\">Jest to kompozycja orientalno-kwiatowa. Wyczujesz tu nuty drzewne i \u017cywiczne po\u0142\u0105czone ze s\u0142odycz\u0105 balsamicznego zapachu bia\u0142ych kwiat\u00f3w.<\/span><\/p>\n","protected":false},"featured_media":14265,"comment_status":"open","ping_status":"closed","template":"","meta":{"_monsterinsights_skip_tracking":false,"_monsterinsights_sitenote_active":false,"_monsterinsights_sitenote_note":"","_monsterinsights_sitenote_category":0},"product_brand":[],"product_cat":[31],"product_tag":[],"class_list":{"0":"post-13977","1":"product","2":"type-product","3":"status-publish","4":"has-post-thumbnail","6":"product_cat-mydla","8":"first","9":"instock","10":"shipping-taxable","11":"purchasable","12":"product-type-simple"},"_links":{"self":[{"href":"https:\/\/amane.pl\/index.php?rest_route=\/wp\/v2\/product\/13977","targetHints":{"allow":["GET"]}}],"collection":[{"href":"https:\/\/amane.pl\/index.php?rest_route=\/wp\/v2\/product"}],"about":[{"href":"https:\/\/amane.pl\/index.php?rest_route=\/wp\/v2\/types\/product"}],"replies":[{"embeddable":true,"href":"https:\/\/amane.pl\/index.php?rest_route=%2Fwp%2Fv2%2Fcomments&post=13977"}],"wp:featuredmedia":[{"embeddable":true,"href":"https:\/\/amane.pl\/index.php?rest_route=\/wp\/v2\/media\/14265"}],"wp:attachment":[{"href":"https:\/\/amane.pl\/index.php?rest_route=%2Fwp%2Fv2%2Fmedia&parent=13977"}],"wp:term":[{"taxonomy":"product_brand","embeddable":true,"href":"https:\/\/amane.pl\/index.php?rest_route=%2Fwp%2Fv2%2Fproduct_brand&post=13977"},{"taxonomy":"product_cat","embeddable":true,"href":"https:\/\/amane.pl\/index.php?rest_route=%2Fwp%2Fv2%2Fproduct_cat&post=13977"},{"taxonomy":"product_tag","embeddable":true,"href":"https:\/\/amane.pl\/index.php?rest_route=%2Fwp%2Fv2%2Fproduct_tag&post=13977"}],"curies":[{"name":"wp","href":"https:\/\/api.w.org\/{rel}","templated":true}]}}