{"id":15030,"date":"2025-09-02T21:34:57","date_gmt":"2025-09-02T21:34:57","guid":{"rendered":"https:\/\/amane.pl\/?post_type=product&#038;p=15030"},"modified":"2025-09-02T21:37:51","modified_gmt":"2025-09-02T21:37:51","slug":"zestaw-mystic","status":"publish","type":"product","link":"https:\/\/amane.pl\/?product=zestaw-mystic","title":{"rendered":"Zestaw Mystic"},"content":{"rendered":"<p><img loading=\"lazy\" decoding=\"async\" class=\"alignnone size-medium wp-image-14134\" src=\"https:\/\/amane.pl\/wp-content\/uploads\/2024\/10\/rekodzielo-1-e1727865941205-300x132.png\" alt=\"\" width=\"300\" height=\"132\" srcset=\"https:\/\/amane.pl\/wp-content\/uploads\/2024\/10\/rekodzielo-1-e1727865941205-300x132.png 300w, https:\/\/amane.pl\/wp-content\/uploads\/2024\/10\/rekodzielo-1-e1727865941205-420x185.png 420w, https:\/\/amane.pl\/wp-content\/uploads\/2024\/10\/rekodzielo-1-e1727865941205-380x167.png 380w, https:\/\/amane.pl\/wp-content\/uploads\/2024\/10\/rekodzielo-1-e1727865941205.png 500w\" sizes=\"auto, (max-width: 300px) 100vw, 300px\" \/><\/p>\n<p><strong>Opakowanie<\/strong>: czarne, kartonowe<\/p>\n<p><strong>Wymiary<\/strong>: <a>28 x 24 x 9 cm.<\/a><\/p>\n<p><span class=\"OYPEnA font-feature-liga-off font-feature-clig-off font-feature-calt-off text-decoration-none text-strikethrough-none\"><strong>Zawiera<\/strong>: Benzyl Salicylate, Citronellol, Linalool, Hydroxycitronellal, Coumarin, Benzyl Benzoate, Geraniol<\/span><\/p>\n","protected":false},"excerpt":{"rendered":"<p><b>Mistyczne wyroby zamkni\u0119te w pude\u0142ku&#8230;<\/b><\/p>\n<p><img loading=\"lazy\" decoding=\"async\" class=\"alignnone wp-image-14174\" src=\"https:\/\/amane.pl\/wp-content\/uploads\/2024\/10\/3-300x300.png\" alt=\"\" width=\"244\" height=\"244\" srcset=\"https:\/\/amane.pl\/wp-content\/uploads\/2024\/10\/3-300x300.png 300w, https:\/\/amane.pl\/wp-content\/uploads\/2024\/10\/3-420x420.png 420w, https:\/\/amane.pl\/wp-content\/uploads\/2024\/10\/3-100x100.png 100w, https:\/\/amane.pl\/wp-content\/uploads\/2024\/10\/3-150x150.png 150w, https:\/\/amane.pl\/wp-content\/uploads\/2024\/10\/3-380x380.png 380w, https:\/\/amane.pl\/wp-content\/uploads\/2024\/10\/3.png 500w\" sizes=\"auto, (max-width: 244px) 100vw, 244px\" \/><\/p>\n<p>W zestawie znajdziesz produkty z serii\u00a0<em>Wine &amp; Bood<\/em>:<\/p>\n<ul>\n<li>\u00a0<a href=\"https:\/\/amane.pl\/?product=spatanist-balsam-do-dloni-i-ciala\">balsam do cia\u0142a<\/a><\/li>\n<li><a href=\"https:\/\/amane.pl\/?product=spatanist-peelingujacy-mus-do-mycia-ciala\">peelinguj\u0105cy mus do mycia cia\u0142a<\/a><\/li>\n<li>sojowe \u015bwiece ozdobne<\/li>\n<\/ul>\n<p><strong>*<\/strong>kliknij w nazw\u0119 produktu, aby dowiedzie\u0107 si\u0119 wi\u0119cej.<\/p>\n<p><strong>Zapach\u00a0<em>Wine &amp; Blood\u00a0<\/em><\/strong><\/p>\n<p><span class=\"OYPEnA font-feature-liga-off font-feature-clig-off font-feature-calt-off text-decoration-none text-strikethrough-none\">Jest to kompozycja orientalno-kwiatowa. Wyczujesz tu nuty drzewne i \u017cywiczne po\u0142\u0105czone ze s\u0142odycz\u0105 balsamicznego zapachu bia\u0142ych kwiat\u00f3w.<\/span><\/p>\n","protected":false},"featured_media":15031,"comment_status":"open","ping_status":"closed","template":"","meta":{"_monsterinsights_skip_tracking":false,"_monsterinsights_sitenote_active":false,"_monsterinsights_sitenote_note":"","_monsterinsights_sitenote_category":0},"product_brand":[],"product_cat":[40],"product_tag":[],"class_list":{"0":"post-15030","1":"product","2":"type-product","3":"status-publish","4":"has-post-thumbnail","6":"product_cat-mistyczne-zestawy","8":"first","9":"instock","10":"shipping-taxable","11":"purchasable","12":"product-type-simple"},"_links":{"self":[{"href":"https:\/\/amane.pl\/index.php?rest_route=\/wp\/v2\/product\/15030","targetHints":{"allow":["GET"]}}],"collection":[{"href":"https:\/\/amane.pl\/index.php?rest_route=\/wp\/v2\/product"}],"about":[{"href":"https:\/\/amane.pl\/index.php?rest_route=\/wp\/v2\/types\/product"}],"replies":[{"embeddable":true,"href":"https:\/\/amane.pl\/index.php?rest_route=%2Fwp%2Fv2%2Fcomments&post=15030"}],"wp:featuredmedia":[{"embeddable":true,"href":"https:\/\/amane.pl\/index.php?rest_route=\/wp\/v2\/media\/15031"}],"wp:attachment":[{"href":"https:\/\/amane.pl\/index.php?rest_route=%2Fwp%2Fv2%2Fmedia&parent=15030"}],"wp:term":[{"taxonomy":"product_brand","embeddable":true,"href":"https:\/\/amane.pl\/index.php?rest_route=%2Fwp%2Fv2%2Fproduct_brand&post=15030"},{"taxonomy":"product_cat","embeddable":true,"href":"https:\/\/amane.pl\/index.php?rest_route=%2Fwp%2Fv2%2Fproduct_cat&post=15030"},{"taxonomy":"product_tag","embeddable":true,"href":"https:\/\/amane.pl\/index.php?rest_route=%2Fwp%2Fv2%2Fproduct_tag&post=15030"}],"curies":[{"name":"wp","href":"https:\/\/api.w.org\/{rel}","templated":true}]}}