{"id":15205,"date":"2025-11-11T23:42:56","date_gmt":"2025-11-11T23:42:56","guid":{"rendered":"https:\/\/amane.pl\/?post_type=product&#038;p=15205"},"modified":"2025-11-26T09:15:14","modified_gmt":"2025-11-26T09:15:14","slug":"pakowanie-prezentowe","status":"publish","type":"product","link":"https:\/\/amane.pl\/?product=pakowanie-prezentowe","title":{"rendered":"Pakowanie prezentowe"},"content":{"rendered":"","protected":false},"excerpt":{"rendered":"<p><b>Zapakuj mnie na prezent\u00a0<\/b>&#8211; czyli wybrane przez Ciebie wyroby zamkni\u0119te w mistycznym pude\u0142ku&#8230;<\/p>\n<p><img loading=\"lazy\" decoding=\"async\" class=\"alignnone size-medium wp-image-14542\" src=\"https:\/\/amane.pl\/wp-content\/uploads\/2025\/02\/amane.pl-60-x-25-in-300x125.png\" alt=\"\" width=\"300\" height=\"125\" srcset=\"https:\/\/amane.pl\/wp-content\/uploads\/2025\/02\/amane.pl-60-x-25-in-300x125.png 300w, https:\/\/amane.pl\/wp-content\/uploads\/2025\/02\/amane.pl-60-x-25-in-420x175.png 420w, https:\/\/amane.pl\/wp-content\/uploads\/2025\/02\/amane.pl-60-x-25-in-800x333.png 800w, https:\/\/amane.pl\/wp-content\/uploads\/2025\/02\/amane.pl-60-x-25-in-1024x427.png 1024w, https:\/\/amane.pl\/wp-content\/uploads\/2025\/02\/amane.pl-60-x-25-in-768x320.png 768w, https:\/\/amane.pl\/wp-content\/uploads\/2025\/02\/amane.pl-60-x-25-in-1536x640.png 1536w, https:\/\/amane.pl\/wp-content\/uploads\/2025\/02\/amane.pl-60-x-25-in-2048x853.png 2048w\" sizes=\"auto, (max-width: 300px) 100vw, 300px\" \/><\/p>\n<p>Pakowanie prezentowe obejmuje:<\/p>\n<ul>\n<li>czarny kartonik<\/li>\n<li>czarne wst\u0105\u017cki<\/li>\n<li>czarne wype\u0142nienie<\/li>\n<li>suszone kwiaty<\/li>\n<\/ul>\n<p>Pude\u0142ko oraz dodatki dopasowuj\u0119 do wybranych produkt\u00f3w.<\/p>\n<p>~ <strong>Je\u017celi w Twoim koszyku znajduje si\u0119 wi\u0119cej produkt\u00f3w, daj mi zna\u0107 w uwagach do zam\u00f3wienia, kt\u00f3re z nich zapakowa\u0107 w formie zestawu prezentowego<\/strong>\ud83d\udda4.<\/p>\n<p>*pakowanie prezentowe wybierz, je\u017celi chcesz skomponowa\u0107 zestaw z wybranych przez siebie wyrob\u00f3w. Przy zakupie gotowych <strong><a href=\"https:\/\/amane.pl\/?page_id=854\">mistycznych zestaw\u00f3w<\/a><\/strong> zakup pakowania prezentowego nie jest wymagane :).<\/p>\n","protected":false},"featured_media":15211,"comment_status":"open","ping_status":"closed","template":"","meta":{"_monsterinsights_skip_tracking":false,"_monsterinsights_sitenote_active":false,"_monsterinsights_sitenote_note":"","_monsterinsights_sitenote_category":0},"product_brand":[],"product_cat":[15],"product_tag":[],"class_list":{"0":"post-15205","1":"product","2":"type-product","3":"status-publish","4":"has-post-thumbnail","6":"product_cat-bez-kategorii","8":"first","9":"instock","10":"shipping-taxable","11":"purchasable","12":"product-type-simple"},"_links":{"self":[{"href":"https:\/\/amane.pl\/index.php?rest_route=\/wp\/v2\/product\/15205","targetHints":{"allow":["GET"]}}],"collection":[{"href":"https:\/\/amane.pl\/index.php?rest_route=\/wp\/v2\/product"}],"about":[{"href":"https:\/\/amane.pl\/index.php?rest_route=\/wp\/v2\/types\/product"}],"replies":[{"embeddable":true,"href":"https:\/\/amane.pl\/index.php?rest_route=%2Fwp%2Fv2%2Fcomments&post=15205"}],"wp:featuredmedia":[{"embeddable":true,"href":"https:\/\/amane.pl\/index.php?rest_route=\/wp\/v2\/media\/15211"}],"wp:attachment":[{"href":"https:\/\/amane.pl\/index.php?rest_route=%2Fwp%2Fv2%2Fmedia&parent=15205"}],"wp:term":[{"taxonomy":"product_brand","embeddable":true,"href":"https:\/\/amane.pl\/index.php?rest_route=%2Fwp%2Fv2%2Fproduct_brand&post=15205"},{"taxonomy":"product_cat","embeddable":true,"href":"https:\/\/amane.pl\/index.php?rest_route=%2Fwp%2Fv2%2Fproduct_cat&post=15205"},{"taxonomy":"product_tag","embeddable":true,"href":"https:\/\/amane.pl\/index.php?rest_route=%2Fwp%2Fv2%2Fproduct_tag&post=15205"}],"curies":[{"name":"wp","href":"https:\/\/api.w.org\/{rel}","templated":true}]}}