{"id":15401,"date":"2026-01-24T15:46:51","date_gmt":"2026-01-24T15:46:51","guid":{"rendered":"https:\/\/amane.pl\/?post_type=product&#038;p=15401"},"modified":"2026-01-24T15:52:30","modified_gmt":"2026-01-24T15:52:30","slug":"zestaw-bullet-for-my-valentine","status":"publish","type":"product","link":"https:\/\/amane.pl\/?product=zestaw-bullet-for-my-valentine","title":{"rendered":"Zestaw Bullet for My Valentine"},"content":{"rendered":"<p><img loading=\"lazy\" decoding=\"async\" class=\"alignnone size-medium wp-image-14134\" src=\"https:\/\/amane.pl\/wp-content\/uploads\/2024\/10\/rekodzielo-1-e1727865941205-300x132.png\" alt=\"\" width=\"300\" height=\"132\" srcset=\"https:\/\/amane.pl\/wp-content\/uploads\/2024\/10\/rekodzielo-1-e1727865941205-300x132.png 300w, https:\/\/amane.pl\/wp-content\/uploads\/2024\/10\/rekodzielo-1-e1727865941205-420x185.png 420w, https:\/\/amane.pl\/wp-content\/uploads\/2024\/10\/rekodzielo-1-e1727865941205-380x167.png 380w, https:\/\/amane.pl\/wp-content\/uploads\/2024\/10\/rekodzielo-1-e1727865941205.png 500w\" sizes=\"auto, (max-width: 300px) 100vw, 300px\" \/><\/p>\n<p><strong>Opakowanie<\/strong>: czarne, kartonowe<\/p>\n<p><strong>Wymiary<\/strong>: <a>28 x 24 x 9 cm.<\/a><\/p>\n<p><span class=\"OYPEnA font-feature-liga-off font-feature-clig-off font-feature-calt-off text-decoration-none text-strikethrough-none\"><strong>Zawiera<\/strong>: Benzyl Salicylate, Citronellol, Linalool, Hydroxycitronellal, Coumarin, Benzyl Benzoate, Geraniol<\/span><\/p>\n","protected":false},"excerpt":{"rendered":"<p><em><b>Mistyczne wyroby zamkni\u0119te w pude\u0142ku <\/b><\/em>&#8211; seria mroczne walentynki<\/p>\n<p><img loading=\"lazy\" decoding=\"async\" class=\"alignnone  wp-image-14481\" src=\"https:\/\/amane.pl\/wp-content\/uploads\/2025\/01\/Projekt-bez-nazwy-300x300.png\" alt=\"\" width=\"193\" height=\"193\" srcset=\"https:\/\/amane.pl\/wp-content\/uploads\/2025\/01\/Projekt-bez-nazwy-300x300.png 300w, https:\/\/amane.pl\/wp-content\/uploads\/2025\/01\/Projekt-bez-nazwy-420x420.png 420w, https:\/\/amane.pl\/wp-content\/uploads\/2025\/01\/Projekt-bez-nazwy-100x100.png 100w, https:\/\/amane.pl\/wp-content\/uploads\/2025\/01\/Projekt-bez-nazwy-150x150.png 150w, https:\/\/amane.pl\/wp-content\/uploads\/2025\/01\/Projekt-bez-nazwy.png 500w\" sizes=\"auto, (max-width: 193px) 100vw, 193px\" \/><\/p>\n<p>W zestawie znajdziesz:<\/p>\n<ul>\n<li><a href=\"https:\/\/amane.pl\/?product=mystic-candle-love-elixir\">\u015bwiec\u0119 sojow\u0105 Love Elixir<\/a><\/li>\n<li><a href=\"https:\/\/amane.pl\/?product=real-dark-heart\">myd\u0142o real\u00a0 dark\u00a0 heart<\/a><\/li>\n<li>naturalne kadzid\u0142a oczyszczaj\u0105ce &#8211; bia\u0142\u0105 sza\u0142wi\u0119\u00a0 i palo santo<\/li>\n<\/ul>\n<p><strong>*<\/strong>kliknij w nazw\u0119 produktu, aby dowiedzie\u0107 si\u0119 wi\u0119cej.<\/p>\n<p>&nbsp;<\/p>\n","protected":false},"featured_media":15402,"comment_status":"open","ping_status":"closed","template":"","meta":{"_monsterinsights_skip_tracking":false,"_monsterinsights_sitenote_active":false,"_monsterinsights_sitenote_note":"","_monsterinsights_sitenote_category":0},"product_brand":[],"product_cat":[116],"product_tag":[],"class_list":{"0":"post-15401","1":"product","2":"type-product","3":"status-publish","4":"has-post-thumbnail","6":"product_cat-walentynki","8":"first","9":"instock","10":"shipping-taxable","11":"purchasable","12":"product-type-simple"},"_links":{"self":[{"href":"https:\/\/amane.pl\/index.php?rest_route=\/wp\/v2\/product\/15401","targetHints":{"allow":["GET"]}}],"collection":[{"href":"https:\/\/amane.pl\/index.php?rest_route=\/wp\/v2\/product"}],"about":[{"href":"https:\/\/amane.pl\/index.php?rest_route=\/wp\/v2\/types\/product"}],"replies":[{"embeddable":true,"href":"https:\/\/amane.pl\/index.php?rest_route=%2Fwp%2Fv2%2Fcomments&post=15401"}],"wp:featuredmedia":[{"embeddable":true,"href":"https:\/\/amane.pl\/index.php?rest_route=\/wp\/v2\/media\/15402"}],"wp:attachment":[{"href":"https:\/\/amane.pl\/index.php?rest_route=%2Fwp%2Fv2%2Fmedia&parent=15401"}],"wp:term":[{"taxonomy":"product_brand","embeddable":true,"href":"https:\/\/amane.pl\/index.php?rest_route=%2Fwp%2Fv2%2Fproduct_brand&post=15401"},{"taxonomy":"product_cat","embeddable":true,"href":"https:\/\/amane.pl\/index.php?rest_route=%2Fwp%2Fv2%2Fproduct_cat&post=15401"},{"taxonomy":"product_tag","embeddable":true,"href":"https:\/\/amane.pl\/index.php?rest_route=%2Fwp%2Fv2%2Fproduct_tag&post=15401"}],"curies":[{"name":"wp","href":"https:\/\/api.w.org\/{rel}","templated":true}]}}